 17, 23
What are the prime factors of 3275?
5, 131
What are the prime factors of 60163?
17, 3539
List the prime factors of 4989.
3, 1663
What are the prime factors of 6639?
3, 2213
What are the prime factors of 10002?
2, 3, 1667
List the prime factors of 2068.
2, 11, 47
What are the prime factors of 156191?
7, 53, 421
List the prime factors of 784.
2, 7
What are the prime factors of 7821?
3, 11, 79
What are the prime factors of 24637?
71, 347
List the prime factors of 2464.
2, 7, 11
What are the prime factors of 46463?
97, 479
What are the prime factors of 9715?
5, 29, 67
What are the prime factors of 12854?
2, 6427
List the prime factors of 2448.
2, 3, 17
List the prime factors of 6326.
2, 3163
What are the prime factors of 146013?
3, 7, 17, 409
What are the prime factors of 37415?
5, 7, 1069
List the prime factors of 285.
3, 5, 19
List the prime factors of 9422.
2, 7, 673
What are the prime factors of 42347?
17, 47, 53
What are the prime factors of 288?
2, 3
What are the prime factors of 2476?
2, 619
What are the prime factors of 41434?
2, 20717
What are the prime factors of 2465?
5, 17, 29
What are the prime factors of 505?
5, 101
List the prime factors of 1996.
2, 499
List the prime factors of 306.
2, 3, 17
List the prime factors of 5942.
2, 2971
List the prime factors of 6421.
6421
What are the prime factors of 43825?
5, 1753
What are the prime factors of 151685?
5, 23, 1319
List the prime factors of 4933.
4933
What are the prime factors of 844?
2, 211
What are the prime factors of 405?
3, 5
List the prime factors of 7299.
3, 811
What are the prime factors of 1168?
2, 73
What are the prime factors of 7631?
13, 587
What are the prime factors of 120025?
5, 4801
List the prime factors of 25925.
5, 17, 61
List the prime factors of 851.
23, 37
List the prime factors of 539.
7, 11
List the prime factors of 220.
2, 5, 11
What are the prime factors of 1295?
5, 7, 37
List the prime factors of 4584.
2, 3, 191
List the prime factors of 5293.
67, 79
List the prime factors of 23540.
2, 5, 11, 107
List the prime factors of 2058.
2, 3, 7
What are the prime factors of 659?
659
List the prime factors of 1113.
3, 7, 53
What are the prime factors of 8941?
8941
List the prime factors of 686.
2, 7
List the prime factors of 3769.
3769
What are the prime factors of 19191?
3, 6397
List the prime factors of 34972.
2, 7, 1249
What are the prime factors of 48452?
2, 12113
What are the prime factors of 722?
2, 19
What are the prime factors of 165469?
165469
What are the prime factors of 23643?
3, 37, 71
List the prime factors of 27719.
53, 523
List the prime factors of 46530.
2, 3, 5, 11, 47
What are the prime factors of 72451?
53, 1367
List the prime factors of 824.
2, 103
List the prime factors of 47696.
2, 11, 271
List the prime factors of 191870.
2, 5, 7, 2741
List the prime factors of 133928.
2, 16741
What are the prime factors of 157506?
2, 3, 26251
What are the prime factors of 66022?
2, 11, 3001
List the prime factors of 18474.
2, 3, 3079
What are the prime factors of 1961?
37, 53
List the prime factors of 7307.
7307
List the prime factors of 17244.
2, 3, 479
List the prime factors of 307.
307
List the prime factors of 7779.
3, 2593
List the prime factors of 11033.
11, 17, 59
What are the prime factors of 14749?
7, 43
List the prime factors of 19950.
2, 3, 5, 7, 19
What are the prime factors of 678?
2, 3, 113
What are the prime factors of 7694?
2, 3847
What are the prime factors of 6244?
2, 7, 223
List the prime factors of 7641.
3, 283
What are the prime factors of 2678?
2, 13, 103
What are the prime factors of 7694?
2, 3847
What are the prime factors of 154657?
29, 5333
List the prime factors of 528.
2, 3, 11
What are the prime factors of 11244?
2, 3, 937
What are the prime factors of 34291?
53, 647
What are the prime factors of 378?
2, 3, 7
What are the prime factors of 20504?
2, 11, 233
What are the prime factors of 3646?
2, 1823
What are the prime factors of 959?
7, 137
List the prime factors of 885.
3, 5, 59
List the prime factors of 779.
19, 41
List the prime factors of 18946.
2, 9473
What are the prime factors of 34410?
2, 3, 5, 31, 37
List the prime factors of 260.
2, 5, 13
List the prime factors of 1503.
3, 167
List the prime factors of 141.
3, 47
What are the prime factors of 454?
2, 227
List the prime factors of 45547.
37, 1231
List the prime factors of 31681.
13, 2437
List the prime factors of 943.
23, 41
What are the prime factors of 2515?
5, 503
List the prime factors of 3190.
2, 5, 11, 29
What are the prime factors of 17581?
17581
What are the prime factors of 1107?
3, 41
List the prime factors of 951.
3, 317
What are the prime factors of 1647?
3, 61
List the prime factors of 3849.
3, 1283
List the prime factors of 801.
3, 89
List the prime factors of 30663.
3, 3407
List the prime factors of 428.
2, 107
List the prime factors of 16987.
16987
What are the prime factors of 396?
2, 3, 11
List the prime factors of 22659.
3, 7, 13, 83
What are the prime factors of 55108?
2, 23, 599
List the prime factors of 4763.
11, 433
What are the prime factors of 19325?
5, 773
What are the prime factors of 193?
193
What are the prime factors of 60127?
60127
What are the prime factors of 1455?
3, 5, 97
What are the prime factors of 2604?
2, 3, 7, 31
What are the prime factors of 964?
2, 241
List the prime factors of 95223.
3, 31741
What are the prime factors of 36229?
36229
What are the prime factors of 428?
2, 107
What are the prime factors of 886?
2, 443
What are the prime factors of 10116?
2, 3, 281
List the prime factors of 1064.
2, 7, 19
List the prime factors of 2062.
2, 1031
What are the prime factors of 53178?
2, 3, 8863
What are the prime factors of 11445?
3, 5, 7, 109
List the prime factors of 7611.
3, 43, 59
List the prime factors of 119.
7, 17
List the prime factors of 24791.
13, 1907
What are the prime factors of 654?
2, 3, 109
List the prime factors of 12167.
23
What are the prime factors of 32097?
3, 13, 823
What are the prime factors of 8764?
2, 7, 313
List the prime factors of 39160.
2, 5, 11, 89
What are the prime factors of 174742?
2, 41, 2131
What are the prime factors of 46965?
3, 5, 31, 101
List the prime factors of 59652.
2, 3, 1657
List the prime factors of 20893.
17, 1229
List the prime factors of 59540.
2, 5, 13, 229
List the prime factors of 2343.
3, 11, 71
What are the prime factors of 72979?
19, 23, 167
List the prime factors of 4646.
2, 23, 101
What are the prime factors of 127253?
7, 53
List the prime factors of 19122.
2, 3, 3187
What are the prime factors of 12855?
3, 5, 857
List the prime factors of 1337.
7, 191
List the prime factors of 20027.
7, 2861
List the prime factors of 158777.
158777
List the prime factors of 1553.
1553
What are the prime factors of 10207?
59, 173
What are the prime factors of 30051?
3, 7, 53
List the prime factors of 1532.
2, 383
List the prime factors of 194.
2, 97
What are the prime factors of 11443?
11443
What are the prime factors of 1189?
29, 41
List the prime factors of 120010.
2, 5, 11, 1091
What are the prime factors of 27967?
27967
What are the prime factors of 32882?
2, 41, 401
What are the prime factors of 1110?
2, 3, 5, 37
List the prime factors of 608.
2, 19
List the prime factors of 8392.
2, 1049
List the prime factors of 1095.
3, 5, 73
What are the prime factors of 31897?
167, 191
What are the prime factors of 2615?
5, 523
List the prime factors of 427.
7, 61
List the prime factors of 624.
2, 3, 13
What are the prime factors of 603?
3, 67
What are the prime factors of 19138?
2, 7, 1367
What are the prime factors of 4282?
2, 2141
List the prime factors of 4411.
11, 401
What are the prime factors of 592?
2, 37
What are the prime factors of 35682?
2, 3, 19, 313
List the prime factors of 42975.
3, 5, 191
List the prime factors of 31022.
2, 15511
What are the prime factors of 81646?
2, 40823
List the prime factors of 15542.
2, 19, 409
What are the prime factors of 63608?
2, 7951
What are the prime factors of 43554?
2, 3, 7, 17, 61
What are the prime factors of 3439?
19, 181
What are the prime factors of 16070?
2, 5, 1607
List the prime factors of 10541.
83, 127
List the prime factors of 1076.
2, 269
What are the prime factors of 206?
2, 103
List the prime factors of 4452.
2, 3, 7, 53
What